4 + 1 - (-600)/4. Let h = i - 135. Let r = 5 + -1. What is the remainder when h is divided by r?
3
Suppose 0*r + 2*r - 20 = 0. Let u(h) = h**2 + 10*h + 25. Suppose 19*w - 35 = 24*w. What is the remainder when r is divided by u(w)?
2
Let z be (5 + -2)*4/2. Suppose z = -2*k + 26. What is the remainder when 38 is divided by k?
8
Let a be (20/(-8))/((-1)/2). Calculate the remainder when 126 is divided by 4*2*(1 + -2 + a).
30
Let j = 24 + -22. Calculate the remainder when 88 is divided by 30*(j/8 + 15/20).
28
Suppose 3*z = -3*f + 189, -z + 65*f + 67 = 70*f. Calculate the remainder when z is divided by 4/(1 - (-3)/(-4)).
14
Let o be -2 - (236/(-4) - -2). Suppose 6*x = -5*x + o. What is the remainder when x is divided by 1/3 - (-24)/9?
2
Let c(z) = 8*z + 200. What is the remainder when c(-21) is divided by 17?
15
Suppose u - 418 = 3*v, -40*v = 3*u - 43*v - 1278. What is the remainder when u is divided by 144?
142
Let n(p) = -p**2 + 66*p - 121. Calculate the remainder when 2719 is divided by n(63).
67
Suppose -2 = -3*o + 16. Let q be (-2)/1 + 3 - 22. Let c = q - -23. What is the remainder when o is divided by c?
0
Let w = -82 + 126. Calculate the remainder when w is divided by 25.
19
What is the remainder when (-615)/(8/(-8)*1) is divided by 77?
76
Let p(r) = 3*r**2 - r. Suppose -153 = -3*j + 14*m - 17*m, 103 = 2*j + m. Calculate the remainder when j is divided by p(-2).
10
Suppose 8 - 40 = -4*h. Let v be h/52 + 63/13. Suppose -v*z = -f - 36, 3*z - 3*f + 28 = 5*z. Calculate the remainder when 15 is divided by z.
7
Let j(z) = 12*z + 3. Let w = -2 - -6. Suppose 6*r - r = w*h + 377, 2*r + h - 143 = 0. Calculate the remainder when r is divided by j(1).
13
Let r(d) = 35*d. Let u(y) = y**3 + y**2 - 3*y. Let o be u(-2). Suppose 4*b + 28 = o*k + 2*b, -5*b = k - 38. What is the remainder when r(2) is divided by k?
16
Let j(u) = 39*u + 1. Suppose 69*w - 418 = 125*w - 75*w. Calculate the remainder when j(2) is divided by w.
13
Suppose -58 + 283 = 4*t - 5*r, 5*t - r - 276 = 0. Let f be -1 - -4 - (-11 + -160). Suppose -6*c + 0*c = -f. Calculate the remainder when t is divided by c.
26
Let j be -1 + -1 - (-1 - 54). Let q = j - 42. Calculate the remainder when 42 is divided by q.
9
Let p(r) = -10*r**2 + r - 2. Let h(d) = -1. Let c = -13 - -15. Let k(i) = c*h(i) - p(i). Calculate the remainder when 20 is divided by k(-1).
9
Let t(x) = x**3 + 12*x**2 - 33*x + 18. Let f be t(-14). Let r = f + -81. Calculate the remainder when 8 is divided by r.
1
Suppose 5*u - 4*y - 342 = -5*y, -4*u + 282 = 5*y. Let d = 89 - u. Calculate the remainder when 83 is divided by d.
20
Let y(b) be the second derivative of -20*b**3/3 - 13*b. Let f be y(-2). Suppose 5*m = -0*m + f. Calculate the remainder when m is divided by 10.
6
Let x(m) = -m**3 + 8*m**2 + 7*m + 15. Let z be x(9). Let u(i) = -2*i**3 - 2*i**2 + 4*i. What is the remainder when 92 is divided by u(z)?
20
Suppose -2*p = -4*d - 16, p + 0*p = d + 8. Suppose 0 = -4*n + 80*n - 2356. Calculate the remainder when n is divided by p.
7
Suppose -4*o - 210 = -14*o. Suppose o*r + 27 = 22*r. Let q = -12 + 18. What is the remainder when r is divided by q?
3
Let g(z) = -z**3 + 9*z**2 + 2. Let c be g(9). Suppose 3*o = -4*m + 68, c*o - 7*o = -3*m - 65. What is the remainder when 73 is divided by o?
9
Let i = -28 - -30. Suppose 5*d = i*p - 61, -4*p + 4*d = -3*p - 29. What is the remainder when 96 is divided by p?
30
Suppose 2*b - 9 = -b. Suppose -3*f + l = -92, 4*f + b*l - 62 = 65. Let s(y) = 16*y - 4. What is the remainder when s(4) is divided by f?
29
Suppose -4*h + 3*v + 490 = 0, h - 4*v = -15 + 144. Calculate the remainder when h is divided by 47.
27
Calculate the remainder when 258 is divided by (-6 + 2)/20 - (-652)/10.
63
Suppose -2*a + 4 = 0, 2*b - 68*a - 98 = -73*a. What is the remainder when 326 is divided by b?
18
Let s(r) = 30*r. Let v be s(1). Let j = v - 25. Suppose j*f = 23 + 7. Calculate the remainder when 35 is divided by f.
5
Let p = 7 - 3. Let y be 1*(3 + -1 + 143). Suppose -31 = -p*z + y. Calculate the remainder when z is divided by 12.
8
Let r = -304 - -344. What is the remainder when r is divided by 24?
16
Let p = 255 - -144. Let j = p - 260. Suppose 5*r - 111 = 5*g + 4, -3*g + j = 5*r. What is the remainder when r is divided by 7?
5
What is the remainder when (-2)/(-3)*1980/120 is divided by 6?
5
Suppose 14 + 4 = 3*h + 3*q, -5*q = -15. Let b(y) = -85*y**2 + 513*y - 8. Calculate the remainder when b(6) is divided by h.
1
Suppose -3*t = -4*g + 343, -5*g + 2*t + 426 = t. Let u = -75 + g. What is the remainder when 18 is divided by u?
8
Let p = 18 - -10. Let a be -2*(0 + 4/(-4)). Suppose 0 = a*m - 10 - 10. What is the remainder when p is divided by m?
8
Suppose -4*h = z - 37, 3*h + 72 = 9*z - 5*z. What is the remainder when 334 is divided by z?
19
Let k(u) = -331*u + 6 - 4 + 326*u + 1. What is the remainder when 113 is divided by k(-7)?
37
Let x = -631 + 693. Calculate the remainder when 192 is divided by x.
6
Calculate the remainder when 8 is divided by (5/(-10))/((-6)/24).
0
Let m = 24 - 24. Let q = 7 + m. Calculate the remainder when 7 is divided by q.
0
Let c = 2 - -18. Let x = 40 - c. Calculate the remainder when x is divided by -5*((-28)/20)/1.
6
Let d(a) be the first derivative of -a**3/3 + 8*a**2 - 7*a - 4. Let s(z) = 2*z - 18. Let h be s(15). Calculate the remainder when d(h) is divided by 14.
13
Let u = -9 + 27. Let y = u - 17. What is the remainder when 81 is divided by (y - -2)*-1 + 24?
18
Let j = -25 + 46. Let s = -16 + -12. Let m = s + 67. Calculate the remainder when m is divided by j.
18
Suppose 2*v + v = -126. Calculate the remainder when 101 - (-9)/((-9)/2) is divided by (-1062)/v - (-2)/(-7).
24
Let d be (-4)/7 - 198/(-77). Suppose -d*w - l - 4 = -w, 4*w + 30 = 3*l. What is the remainder when 9 is divided by w/(-8) + 126/24?
3
Suppose 3*p - 162 = 2*f, 61*p + 159 = 64*p - f. Calculate the remainder when 152 is divided by p.
48
What is the remainder when 93 is divided by 6/(-33) + 3017/77?
15
Suppose -3*r - 5 = -218. Calculate the remainder when r is divided by 12.
11
Let s(p) = -p**2 - 4*p + 8. Let n be s(-6). Let a be (-8)/10*10/n. Suppose 0 = -g - z + 13, 3 = 3*z - a*z. Calculate the remainder when 39 is divided by g.
9
Suppose 4*m = 2*r - r + 423, 3*m - 319 = -r. What is the remainder when m is divided by 29?
19
Let k(y) = 0 + 0 + 1 - 8*y. Calculate the remainder when k(-7) is divided by 530/(-424)*6*-2.
12
Calculate the remainder when 3 is divided by -1 + 8/3*(-63)/(-42).
0
Let u = 176 + -169. What is the remainder when u is divided by -5*(-1 + 0/(-1))?
2
Let z(s) = -27*s**3 - 2*s**2 - 2*s - 1. Suppose -5*a - 3*a - 64 = 0. Let f(r) = -r**2 - 8*r + 7. What is the remainder when z(-1) is divided by f(a)?
5
Suppose 2*z - 2 = -0, 0 = 2*i + z - 457. Suppose p - 4*p = -i. Suppose -6*s = -2*s - p. Calculate the remainder when 54 is divided by s.
16
Let b(a) = 2*a + 5. Let g be b(-8). What is the remainder when 43 is divided by 11/(g/2) - 22/(-2)?
7
Let a = 1794 - 1721. Calculate the remainder when a is divided by 5.
3
Let j = 1377 + -1227. Calculate the remainder when j is divided by 84.
66
Let d(b) = -3*b**2 - 47*b - 5. Calculate the remainder when 45 is divided by d(-15).
20
Suppose 4*u - 2 - 10 = 0. Suppose 3*f = 2*p - 18, p - u*p - 5*f = -50. Calculate the remainder when 27 is divided by p.
12
Suppose -3*h = -3*t + 48, 4*t + h - 62 = 4*h. What is the remainder when 91 is divided by t?
7
Let o = 851 + -14. Calculate the remainder when o is divided by 35.
32
Suppose -3*z + 67 - 11 = i, 5*z = 5*i - 320. Suppose 0*c - 3*c - 2 = -h, 5*c = -3*h + i. Let y = 40 - 14. What is the remainder when y is divided by h?
12
Let t(q) = q**2 - 5*q + 32. Calculate the remainder when 139 is divided by t(5).
11
Let c(t) = -4*t + 270. Calculate the remainder when c(43) is divided by 36.
26
Suppose 6*o - 10 = 2. Let u be (0 + o + 3)/1. Suppose 2*g = -4, u*x - g = 2*g + 86. Calculate the remainder when x is divided by 6.
4
Let v = -698 + 704. What is the remainder when 82 is divided by v?
4
Let p = 233 - 225. Calculate the remainder when 13 is divided by p.
5
Let h be 9*(-4 + 3)*-7. Let d be (-4)/(-18) + 49/h. What is the remainder when (-4)/(d - -3) + 61 is divided by 21?
18
Suppose 2*u + 1 - 67 = 0. Let n(x) = 29*x + 1. Let o 